 the remainder when z is divided by b?
15
Let z(w) = w**2 + 19*w - 13. Calculate the remainder when 345 is divided by z(-21).
26
Let m = -410 + 512. What is the remainder when 114 is divided by m?
12
Suppose -2*b - 3*b + u = -114, 4*b + 4*u = 96. Suppose 15 = -5*c, 0*z + 3*c + 281 = 4*z. Calculate the remainder when z is divided by b.
22
Suppose 4*c - 2*c = -10, -1700 = -5*n + 2*c. Calculate the remainder when n is divided by 85.
83
Let d = 255 - 204. What is the remainder when 558 is divided by d?
48
Let f be 20/(-12)*3 - -4. Let y(c) = -63*c**3 + c**2 - 2*c - 2. What is the remainder when y(f) is divided by 22?
20
Suppose 0 = -681*q + 664*q + 867. Calculate the remainder when 1273 is divided by q.
49
Let h(g) = g**3 + 7*g**2 - 2*g. Suppose -20*i = 216 - 356. Calculate the remainder when h(-6) is divided by i.
6
Suppose 3*i + 2*b - 57 = 0, 2*b + 9 = 5*b. Calculate the remainder when 69 is divided by i.
1
Suppose -8*t + 6*t - 8 = 0, 3*t + 54 = 2*p. What is the remainder when 395 is divided by p?
17
Let x = -7 + 10. Suppose -4*u - 5*g = -0*g - 23, -x*u + 22 = -g. Let z = u - 5. What is the remainder when 6 is divided by z?
0
Suppose -33 = -8*f + 87. Calculate the remainder when (-1 - 0)*(-38)/(1 + 1) is divided by f.
4
Let z = -98 - -126. What is the remainder when z is divided by 4?
0
Suppose -x = -5*x + 100. Let j be 1/3 + (-628)/(-6). Suppose -5*i = -10, 0 = -5*h + i + j + 138. What is the remainder when h is divided by x?
24
What is the remainder when (-389)/(-17) + ((-49)/17 - -3) is divided by 15?
8
Let w(l) = 11*l**2 + 2*l + 3. Let r be w(-2). Suppose -r = -3*v - 3*k + 5, 2*k = -3*v + 44. What is the remainder when 22 is divided by v?
10
Let o be (2/(-4))/((-10)/20). Let z = 56 + o. Calculate the remainder when z is divided by 15.
12
Calculate the remainder when (-3)/(9/(-6)) + 355 is divided by 60.
57
Suppose -9*a + 1010 = 272. Calculate the remainder when 249 is divided by a.
3
Let q(i) = -7*i - 66. Calculate the remainder when 124 is divided by q(-13).
24
Suppose -5*x + 61 = -19. Suppose 4*z + 12 = 0, -2*o + 5*o = -z - 393. Let s = 207 + o. What is the remainder when s is divided by x?
13
Let w = -187 + 216. Suppose 5*u - u = 0. Calculate the remainder when w is divided by (-8)/((-2)/(u - -2)).
5
Suppose 8*l - 76 - 4 = 0. What is the remainder when 185 is divided by l?
5
Suppose 4*k + 3*h - 21 = 45, -3*k + 64 = -5*h. Suppose 0 = 5*c - 3*y + 6*y - 38, -k = -3*c - 3*y. Calculate the remainder when 37 is divided by c.
7
Suppose -3*i - 15 = -l, 29 + 10 = -4*i - 5*l. Calculate the remainder when 3 is divided by (6/9)/((-4)/i).
0
Suppose -63*a + 220 = -53*a. Calculate the remainder when 349 is divided by a.
19
Suppose 5*c = 8*c - 87. Suppose 0 = -5*a + c + 66. Let y(n) = -11*n. What is the remainder when y(-5) is divided by a?
17
Let z(n) = 6*n**2 + 35*n + 158. What is the remainder when z(-7) is divided by 19?
17
Suppose -25 = -4*q + 75. What is the remainder when q is divided by 1?
0
What is the remainder when 21/(-6)*1208/(-28) is divided by 14?
11
Let n(t) = 85*t - 37. What is the remainder when n(2) is divided by 15?
13
Let z(k) = -k**3 + 6*k**2 + 8. Let p = 161 + -132. Calculate the remainder when p is divided by z(6).
5
Let k(p) = 196*p**2 - 2. What is the remainder when k(1) is divided by 33?
29
Let p(s) = 2*s**2 - 12*s - 373. What is the remainder when 348 is divided by p(-12)?
53
Let i = 29 - 29. Suppose 3*y = -3*r + 21, i*y - 3*y = 2*r - 21. Let h(j) = 7*j - 1. What is the remainder when h(4) is divided by y?
6
Let k(i) = -6*i - 3. Let y = 107 + -66. Suppose d - 9 = -f, 4*d - 2*f + 5 = y. Calculate the remainder when k(-3) is divided by d.
6
Let n = 22 + -18. Calculate the remainder when 41 is divided by n.
1
Suppose -2*b = -125 + 103. Suppose -7*w - 21 = -10*w. What is the remainder when b is divided by w?
4
Let o = -6 + 17. Suppose 38 = -2*u + 6*u - 2*a, -2*a + 10 = 2*u. Calculate the remainder when u/(-12)*(-93)/2 is divided by o.
9
Suppose 5*w - 4*l = 2*w + 405, -4*l + 568 = 4*w. What is the remainder when w is divided by 65?
9
Suppose 12 = -4*d + 20. What is the remainder when 78 is divided by (-11)/11*(-18)/d?
6
Let u(l) = 26*l + 2. Suppose -20*n + 0*n = -820. Calculate the remainder when u(3) is divided by n.
39
Let n(w) = 9*w + 237. What is the remainder when 175 is divided by n(-23)?
25
Let s be (5 - 3 - 2)/(-2). Suppose 5*g - g = s. Calculate the remainder when 3 is divided by -3*(g + (0 - 1)).
0
Suppose 4*y + 225 = 9*y. What is the remainder when 36 is divided by (30/y)/(2/39)?
10
Let d(p) = -p**3 - 8*p**2 + 15*p + 95. What is the remainder when 105 is divided by d(-9)?
23
Calculate the remainder when ((-9)/(-27))/(2/2574) is divided by 27.
24
Let h = -262 - -390. What is the remainder when h is divided by 5?
3
Let f = 710 + -644. Calculate the remainder when f is divided by 41.
25
Suppose 5*a + 218 = 978. What is the remainder when 4/(-10) - a/(-5) is divided by 4 + (5 - (7 - 9))?
8
Suppose -21*y + 19*y = -126. What is the remainder when y is divided by (-3850)/(-121) + 2/11?
31
Suppose 6*f + 156 = 8*f. Suppose m + 0*m + f = 0. Let l = 156 + m. What is the remainder when l is divided by 20?
18
Suppose 2*x = -2*d - 0 + 14, -5*x = -2*d - 21. Suppose -5*a + 913 = 4*q - 5*q, 0 = -a + d*q + 179. What is the remainder when a is divided by 46?
45
Suppose 2*f - 2*m - 314 = 0, -3*f + 3*m - 7*m = -499. What is the remainder when f is divided by 27?
26
Let f be 30/(-12)*4/(-5). Calculate the remainder when f - 0 - 16/(-4) is divided by 4.
2
Let c(m) = 13*m**3 - 3*m**2 + 6*m - 3. Let i = 5 - -136. Calculate the remainder when i is divided by c(1).
11
Suppose 0 = -10*f - 2*f + 528. What is the remainder when (f/11)/(1*(-1)/(-43)) is divided by 29?
27
Let n = -44 - -46. Suppose 0 = -g + 2*g - z - 13, n*g = z + 26. What is the remainder when 34 is divided by g?
8
Suppose 0 = -2*y + 3 + 3. Let h be 84/9 - y/9. Suppose 0*m + 19 = z + 2*m, 0 = -3*m + h. Calculate the remainder when 50 is divided by z.
11
Suppose -3*v = -4*c - 373, 3*v - 2*c - 3*c = 371. What is the remainder when v is divided by 8?
7
Let j(u) = -u. Let b be j(-6). Suppose b*s = -76 - 158. Let l = 2 - s. Calculate the remainder when l is divided by 15.
11
Suppose v = 0, t - v + 15 = 2*t. Suppose 0 = -2*m + 101 - t. Calculate the remainder when m is divided by 15.
13
Suppose p - 3*v + 1 = 0, -3*p + 5*v - 9 = -2*p. Calculate the remainder when 30 is divided by p.
8
Suppose -11 = -5*j + 9. What is the remainder when (((-19)/(-1))/(2 - 1))/1 is divided by j?
3
Suppose 0*s + 4*s - 4 = -4*u, 4*u = 4*s + 12. Suppose -3*z + 929 = 2*k, 71 + 546 = u*z - k. Calculate the remainder when z is divided by 52.
49
Let k(x) = x**3 + 37*x**2 + 131*x - 6. What is the remainder when k(-33) is divided by 15?
12
Let s be (-637)/(-364) - (-111)/(-4). Suppose -3*t - 11 + 0 = -5*i, 0 = -t + 5*i + 13. Let v = t - s. What is the remainder when 41 is divided by v?
13
Suppose -4*x - 23*s + 18*s = -2168, 4*s = 4*x - 2168. Calculate the remainder when x is divided by 17.
15
What is the remainder when (56/3)/((-64)/(-672)) is divided by 35?
21
Suppose -16*k + 244 = -2620. What is the remainder when k is divided by 65?
49
Suppose 2*i - 2*r = 364, 2*i = -2*r + 333 + 43. What is the remainder when i is divided by 47?
44
Calculate the remainder when 524 is divided by (-107)/214 - ((-269)/2 + 2).
128
Let p be -3 + 5 + (-2)/(-2). Suppose a = 3*t - 0*t - 44, 0 = -2*t + 4*a + 36. What is the remainder when ((-47)/(-2) + p)*2 is divided by t?
11
Suppose -593 + 197 = -18*h. What is the remainder when 193 is divided by h?
17
Let v be 2/9 + 96/54. Let m be (-29)/(-5)*10/v. Suppose 0 = -4*g + 71 + m. Calculate the remainder when g is divided by 9.
7
Let r = 421 + -400. What is the remainder when 128 is divided by r?
2
Suppose -10 + 0 = -5*l. Suppose -3*m + l*m = -11. Suppose 2*a = m + 19. Calculate the remainder when 42 is divided by a.
12
Let s(m) = 2*m**2 - 68*m - 818. Calculate the remainder when 178 is divided by s(-10).
54
Let j = -277 - -389. Calculate the remainder when 10512/j - (-1)/7 is divided by 19.
18
Let l(b) = -b**2 - 13*b - 35. Let w be l(-10). Let q(a) = 2*a + 2*a + 15 - 5 + a**2. What is the remainder when q(w) is divided by 8?
7
What is the remainder when 238 is divided by 15/(-2)*(4 - 80/15